19
What are the prime factors of 70805?
5, 7, 17
List the prime factors of 5313401.
17, 312553
List the prime factors of 11763825.
3, 5, 109, 1439
List the prime factors of 88235.
5, 7, 2521
List the prime factors of 521989.
13, 40153
What are the prime factors of 10407799?
23, 149, 3037
List the prime factors of 23335.
5, 13, 359
List the prime factors of 279924.
2, 3, 23327
What are the prime factors of 8507836?
2, 101, 21059
List the prime factors of 244154.
2, 17, 43, 167
What are the prime factors of 4072472?
2, 23, 22133
List the prime factors of 3296435.
5, 199, 3313
List the prime factors of 1467385.
5, 31, 9467
What are the prime factors of 5537949?
3, 19, 97157
What are the prime factors of 543952?
2, 33997
List the prime factors of 899219.
59, 15241
What are the prime factors of 923930?
2, 5, 7, 67, 197
List the prime factors of 133783.
13, 41, 251
What are the prime factors of 367629?
3, 31, 59, 67
What are the prime factors of 270644?
2, 11, 6151
What are the prime factors of 4577343?
3, 1525781
What are the prime factors of 418018?
2, 47, 4447
What are the prime factors of 6211198?
2, 7, 487, 911
What are the prime factors of 6835800?
2, 3, 5, 11393
What are the prime factors of 24422347?
41, 53, 11239
List the prime factors of 7042824.
2, 3, 29, 3373
What are the prime factors of 365376?
2, 3, 11, 173
List the prime factors of 8200526.
2, 4100263
What are the prime factors of 9058200?
2, 3, 5, 31, 487
List the prime factors of 1691161.
1691161
What are the prime factors of 7744902?
2, 3, 11, 43, 2729
List the prime factors of 471427.
11, 17, 2521
What are the prime factors of 248189?
248189
What are the prime factors of 6103695?
3, 5, 13, 113, 277
What are the prime factors of 151574?
2, 75787
What are the prime factors of 618014?
2, 309007
What are the prime factors of 26588060?
2, 5, 73, 18211
What are the prime factors of 761041?
59, 12899
List the prime factors of 252717.
3, 84239
List the prime factors of 34822974.
2, 3, 829, 7001
What are the prime factors of 302820?
2, 3, 5, 7, 103
List the prime factors of 4846137.
3, 31, 107, 487
List the prime factors of 3748752.
2, 3, 7, 3719
What are the prime factors of 97184?
2, 3037
List the prime factors of 12767689.
11, 43, 26993
What are the prime factors of 16964488?
2, 41, 51721
List the prime factors of 5734914.
2, 3, 955819
List the prime factors of 21173378.
2, 10586689
List the prime factors of 892650.
2, 3, 5, 11, 541
List the prime factors of 2941342.
2, 31, 47441
What are the prime factors of 155639?
11, 14149
List the prime factors of 100694.
2, 11, 23, 199
What are the prime factors of 6959326?
2, 11, 137, 2309
List the prime factors of 1126958.
2, 7, 101, 797
List the prime factors of 1234695.
3, 5, 7, 11, 1069
List the prime factors of 77113.
59, 1307
What are the prime factors of 14369162?
2, 7184581
What are the prime factors of 6701879?
661, 10139
What are the prime factors of 3140024?
2, 392503
List the prime factors of 3928148.
2, 7, 53, 2647
What are the prime factors of 899526?
2, 3, 149921
What are the prime factors of 2905386?
2, 3, 11, 44021
List the prime factors of 573183.
3, 13, 23, 71
What are the prime factors of 24495?
3, 5, 23, 71
What are the prime factors of 1404791?
1404791
What are the prime factors of 238886?
2, 31, 3853
List the prime factors of 2952272.
2, 184517
List the prime factors of 189030.
2, 3, 5, 6301
List the prime factors of 302052.
2, 3, 25171
List the prime factors of 216714.
2, 3, 19, 1901
List the prime factors of 380926.
2, 7, 13, 23
List the prime factors of 4015134.
2, 3, 223063
What are the prime factors of 6303258?
2, 3, 13, 41, 73
What are the prime factors of 3003891?
3, 11, 227, 401
What are the prime factors of 1008437?
1008437
What are the prime factors of 1491819?
3, 7, 71039
List the prime factors of 102991.
7, 14713
What are the prime factors of 7286?
2, 3643
What are the prime factors of 1138900?
2, 5, 7, 1627
What are the prime factors of 864485?
5, 41, 4217
List the prime factors of 484692.
2, 3, 13, 239
List the prime factors of 30589189.
30589189
List the prime factors of 775154.
2, 387577
What are the prime factors of 351958?
2, 175979
What are the prime factors of 194021?
17, 101, 113
What are the prime factors of 703157?
7, 13, 7727
What are the prime factors of 3195637?
3195637
List the prime factors of 90179.
31, 2909
What are the prime factors of 31006654?
2, 7, 2214761
What are the prime factors of 9754577?
7, 28439
What are the prime factors of 466656?
2, 3, 4861
List the prime factors of 6717065.
5, 1343413
List the prime factors of 1489533.
3, 496511
What are the prime factors of 1141412?
2, 67, 4259
List the prime factors of 64656.
2, 3, 449
List the prime factors of 16998.
2, 3, 2833
What are the prime factors of 3709800?
2, 3, 5, 229
List the prime factors of 40328.
2, 71
List the prime factors of 6678086.
2, 3339043
List the prime factors of 459623.
459623
What are the prime factors of 878582?
2, 271, 1621
List the prime factors of 3231244.
2, 233, 3467
What are the prime factors of 9005781?
3, 3001927
What are the prime factors of 5487028?
2, 89, 15413
List the prime factors of 354732.
2, 3, 7, 41, 103
List the prime factors of 3480629.
19, 183191
List the prime factors of 32254782.
2, 3, 7, 41, 18731
What are the prime factors of 246782?
2, 163, 757
What are the prime factors of 5848635?
3, 5, 13, 89, 337
What are the prime factors of 9644222?
2, 7, 23, 61, 491
What are the prime factors of 645452?
2, 161363
List the prime factors of 353106.
2, 3, 13, 503
List the prime factors of 571742.
2, 285871
What are the prime factors of 435094?
2, 11, 19777
List the prime factors of 302298.
2, 3, 50383
What are the prime factors of 1187254?
2, 593627
What are the prime factors of 1914588?
2, 3, 13, 4091
What are the prime factors of 5128859?
5128859
List the prime factors of 355334.
2, 7, 17, 1493
What are the prime factors of 6669679?
53, 61, 2063
What are the prime factors of 36800622?
2, 3, 681493
List the prime factors of 18700.
2, 5, 11, 17
List the prime factors of 510824.
2, 63853
What are the prime factors of 311782?
2, 155891
List the prime factors of 1651891.
1651891
List the prime factors of 4920120.
2, 3, 5, 79, 173
List the prime factors of 312717.
3, 104239
List the prime factors of 238943.
238943
List the prime factors of 6805031.
1439, 4729
What are the prime factors of 5582220?
2, 3, 5, 7, 13291
What are the prime factors of 613161?
3, 193, 353
What are the prime factors of 2208185?
5, 7, 9013
What are the prime factors of 784600?
2, 5, 3923
List the prime factors of 64728.
2, 3, 29, 31
List the prime factors of 439119.
3, 97, 503
List the prime factors of 271050.
2, 3, 5, 13, 139
List the prime factors of 23630122.
2, 31, 257, 1483
What are the prime factors of 13397?
13397
List the prime factors of 15101449.
11, 53, 25903
What are the prime factors of 272792?
2, 13, 43, 61
List the prime factors of 5306629.
23, 47, 4909
List the prime factors of 212908.
2, 17, 31, 101
List the prime factors of 17337604.
2, 4334401
What are the prime factors of 777797?
59, 13183
What are the prime factors of 1029104?
2, 64319
What are the prime factors of 2021570?
2, 5, 113, 1789
List the prime factors of 2309967.
3, 11, 23333
What are the prime factors of 4194253?
7, 85597
What are the prime factors of 4735068?
2, 3, 13, 127, 239
List the prime factors of 451589.
467, 967
What are the prime factors of 507996?
2, 3, 103, 137
List the prime factors of 2485612.
2, 271, 2293
List the prime factors of 226789.
226789
What are the prime factors of 201590?
2, 5, 19, 1061
What are the prime factors of 3992674?
2, 7, 285191
What are the prime factors of 1935346?
2, 7, 138239
What are the prime factors of 240342?
2, 3, 41, 977
What are the prime factors of 2545188?
2, 3, 212099
List the prime factors of 1152269.
577, 1997
List the prime factors of 1812263.
1812263
What are the prime factors of 4555598?
2, 67, 33997
What are the prime factors of 674805?
3, 5, 44987
List the prime factors of 7644244.
2, 1911061
List the prime factors of 654684.
2, 3, 89, 613
List the prime factors of 1163511.
3, 43093
List the prime factors of 1327292.
2, 17, 131, 149
List the prime factors of 350764.
2, 87691
What are the p